{"id":1488,"date":"2023-04-26T01:03:49","date_gmt":"2023-04-26T01:03:49","guid":{"rendered":"https:\/\/nitrio.org.br\/?page_id=1488"},"modified":"2024-02-20T20:20:53","modified_gmt":"2024-02-20T20:20:53","slug":"quimica-e-aplicacoes-farmaceuticas","status":"publish","type":"page","link":"https:\/\/nitrio.org.br\/?page_id=1488","title":{"rendered":"Qu\u00edmica e aplica\u00e7\u00f5es farmac\u00eauticas"},"content":{"rendered":"\t\t<div data-elementor-type=\"wp-page\" data-elementor-id=\"1488\" class=\"elementor elementor-1488\" data-elementor-post-type=\"page\">\n\t\t\t\t<div class=\"elementor-element elementor-element-3c26dd0a e-flex e-con-boxed e-con e-parent\" data-id=\"3c26dd0a\" data-element_type=\"container\" data-settings=\"{&quot;background_background&quot;:&quot;classic&quot;}\">\n\t\t\t\t\t<div class=\"e-con-inner\">\n\t\t<div class=\"elementor-element elementor-element-62ecd956 e-con-full e-flex e-con e-parent\" data-id=\"62ecd956\" data-element_type=\"container\">\n\t\t\t\t<div class=\"elementor-element elementor-element-2e464426 elementor-position-left elementor-vertical-align-top elementor-widget elementor-widget-image-box\" data-id=\"2e464426\" data-element_type=\"widget\" data-widget_type=\"image-box.default\">\n\t\t\t\t<div class=\"elementor-widget-container\">\n\t\t\t\t\t<div class=\"elementor-image-box-wrapper\"><figure class=\"elementor-image-box-img\"><img decoding=\"async\" width=\"100\" height=\"120\" src=\"https:\/\/nitrio.org.br\/wp-content\/uploads\/2023\/04\/icon-nit2.svg\" class=\"attachment-full size-full wp-image-1337\" alt=\"\" \/><\/figure><div class=\"elementor-image-box-content\"><h3 class=\"elementor-image-box-title\">Qu\u00edmica e Aplica\u00e7\u00f5es Farmac\u00eauticas<\/h3><\/div><\/div>\t\t\t\t<\/div>\n\t\t\t\t<\/div>\n\t\t\t\t<\/div>\n\t\t\t\t\t<\/div>\n\t\t\t\t<\/div>\n\t\t<div class=\"elementor-element elementor-element-70f3f785 e-flex e-con-boxed e-con e-parent\" data-id=\"70f3f785\" data-element_type=\"container\" data-settings=\"{&quot;background_background&quot;:&quot;classic&quot;}\">\n\t\t\t\t\t<div class=\"e-con-inner\">\n\t\t\t\t<div class=\"elementor-element elementor-element-68299752 elementor-widget__width-initial elementor--h-position-center elementor--v-position-middle elementor-arrows-position-inside elementor-pagination-position-inside elementor-widget elementor-widget-slides\" data-id=\"68299752\" data-element_type=\"widget\" data-settings=\"{&quot;navigation&quot;:&quot;both&quot;,&quot;autoplay&quot;:&quot;yes&quot;,&quot;pause_on_hover&quot;:&quot;yes&quot;,&quot;pause_on_interaction&quot;:&quot;yes&quot;,&quot;autoplay_speed&quot;:5000,&quot;infinite&quot;:&quot;yes&quot;,&quot;transition&quot;:&quot;slide&quot;,&quot;transition_speed&quot;:500}\" data-widget_type=\"slides.default\">\n\t\t\t\t<div class=\"elementor-widget-container\">\n\t\t\t\t\t\t\t\t\t<div class=\"elementor-swiper\">\n\t\t\t\t\t<div class=\"elementor-slides-wrapper elementor-main-swiper swiper\" role=\"region\" aria-roledescription=\"carousel\" aria-label=\"Slides\" dir=\"ltr\" data-animation=\"fadeInUp\">\n\t\t\t\t<div class=\"swiper-wrapper elementor-slides\">\n\t\t\t\t\t\t\t\t\t\t<div class=\"elementor-repeater-item-fdef51e swiper-slide\" role=\"group\" aria-roledescription=\"slide\"><div class=\"swiper-slide-bg\" role=\"img\" aria-label=\"quimica-implementacao\"><\/div><div class=\"swiper-slide-inner\" ><div class=\"swiper-slide-contents\"><\/div><\/div><\/div>\t\t\t\t<\/div>\n\t\t\t\t\t\t\t<\/div>\n\t\t\t\t<\/div>\n\t\t\t\t\t\t\t\t<\/div>\n\t\t\t\t<\/div>\n\t\t<div class=\"elementor-element elementor-element-3f7f2cb0 e-con-full e-flex e-con e-parent\" data-id=\"3f7f2cb0\" data-element_type=\"container\">\n\t\t\t\t<div class=\"elementor-element elementor-element-19171791 elementor-widget elementor-widget-heading\" data-id=\"19171791\" data-element_type=\"widget\" data-widget_type=\"heading.default\">\n\t\t\t\t<div class=\"elementor-widget-container\">\n\t\t\t\t\t<h2 class=\"elementor-heading-title elementor-size-default\">Desenvolvimento de compostos qu\u00edmicos para aplica\u00e7\u00f5es industriais e farmac\u00eauticas\n<\/h2>\t\t\t\t<\/div>\n\t\t\t\t<\/div>\n\t\t\t\t<div class=\"elementor-element elementor-element-7a3bc210 elementor-widget elementor-widget-text-editor\" data-id=\"7a3bc210\" data-element_type=\"widget\" data-widget_type=\"text-editor.default\">\n\t\t\t\t<div class=\"elementor-widget-container\">\n\t\t\t\t\t\t\t\t\t<p><span style=\"font-weight: 400;\">A Qu\u00edmica \u00e9 a ci\u00eancia fundamental para o desenvolvimento de novos materiais, produtos e tecnologias em diversos setores, como a ind\u00fastria qu\u00edmica, de energia, de alimentos, de sa\u00fade e de meio ambiente. Empresas que investem em PD&amp;I nessa \u00e1rea podem obter vantagens competitivas, criando produtos mais inovadores, eficientes e sustent\u00e1veis. <\/span><span style=\"font-weight: 400;\">Nossas institui\u00e7\u00f5es desenvolvem aplica\u00e7\u00f5es de compostos qu\u00edmicos para produ\u00e7\u00e3o de biocombust\u00edveis, compostos cosm\u00e9ticos e materiais com maior biodegradabilidade. Exemplos de aplica\u00e7\u00f5es farmac\u00eauticas s\u00e3o aquelas que combinam alguns elementos a antibi\u00f3ticos, com intuito de acelerar a resposta terap\u00eautica. <\/span><span style=\"font-weight: 400;\">A demanda por solu\u00e7\u00f5es inovadoras e<\/span><span style=\"font-weight: 400;\">m sa\u00fade continua crescendo, criando oportunidades para empresas que investem em qu\u00edmica e aplica\u00e7\u00f5es farmac\u00eauticas. A inova\u00e7\u00e3o nessa \u00e1rea pode resultar em produtos mais competitivos e rent\u00e1veis, al\u00e9m de contribuir para a melhoria da qualidade de vida da sociedade.<\/span><\/p>\t\t\t\t\t\t\t\t<\/div>\n\t\t\t\t<\/div>\n\t\t\t\t<\/div>\n\t\t\t\t\t<\/div>\n\t\t\t\t<\/div>\n\t\t<div class=\"elementor-element elementor-element-afbbe09 e-flex e-con-boxed e-con e-parent\" data-id=\"afbbe09\" data-element_type=\"container\">\n\t\t\t\t\t<div class=\"e-con-inner\">\n\t\t\t\t<div class=\"elementor-element elementor-element-3bb9a4f elementor-widget elementor-widget-heading\" data-id=\"3bb9a4f\" data-element_type=\"widget\" data-widget_type=\"heading.default\">\n\t\t\t\t<div class=\"elementor-widget-container\">\n\t\t\t\t\t<h2 class=\"elementor-heading-title elementor-size-default\">Institui\u00e7\u00f5es que desenvolvem projetos em Qu\u00edmica e Aplica\u00e7\u00f5es Farmac\u00eauticas\n<\/h2>\t\t\t\t<\/div>\n\t\t\t\t<\/div>\n\t\t\t\t\t<\/div>\n\t\t\t\t<\/div>\n\t\t<div class=\"elementor-element elementor-element-78c633b8 e-flex e-con-boxed e-con e-parent\" data-id=\"78c633b8\" data-element_type=\"container\">\n\t\t\t\t\t<div class=\"e-con-inner\">\n\t\t\t\t<div class=\"elementor-element elementor-element-b214e8a elementor-position-left elementor-vertical-align-top elementor-widget elementor-widget-image-box\" data-id=\"b214e8a\" data-element_type=\"widget\" data-widget_type=\"image-box.default\">\n\t\t\t\t<div class=\"elementor-widget-container\">\n\t\t\t\t\t<div class=\"elementor-image-box-wrapper\"><figure class=\"elementor-image-box-img\"><img fetchpriority=\"high\" decoding=\"async\" width=\"700\" height=\"700\" src=\"https:\/\/nitrio.org.br\/wp-content\/uploads\/2023\/04\/cbpf.png\" class=\"attachment-full size-full wp-image-364\" alt=\"\" srcset=\"https:\/\/nitrio.org.br\/wp-content\/uploads\/2023\/04\/cbpf.png 700w, https:\/\/nitrio.org.br\/wp-content\/uploads\/2023\/04\/cbpf-300x300.png 300w, https:\/\/nitrio.org.br\/wp-content\/uploads\/2023\/04\/cbpf-150x150.png 150w\" sizes=\"(max-width: 700px) 100vw, 700px\" \/><\/figure><div class=\"elementor-image-box-content\"><p class=\"elementor-image-box-description\">CBPF - Centro Brasileiro de Pesquisas F\u00edsicas<\/p><\/div><\/div>\t\t\t\t<\/div>\n\t\t\t\t<\/div>\n\t\t\t\t<div class=\"elementor-element elementor-element-37c54429 elementor-position-left elementor-vertical-align-middle elementor-widget elementor-widget-image-box\" data-id=\"37c54429\" data-element_type=\"widget\" data-widget_type=\"image-box.default\">\n\t\t\t\t<div class=\"elementor-widget-container\">\n\t\t\t\t\t<div class=\"elementor-image-box-wrapper\"><figure class=\"elementor-image-box-img\"><img decoding=\"async\" width=\"150\" height=\"150\" src=\"https:\/\/nitrio.org.br\/wp-content\/uploads\/2023\/04\/INT.png\" class=\"attachment-full size-full wp-image-537\" alt=\"\" \/><\/figure><div class=\"elementor-image-box-content\"><p class=\"elementor-image-box-description\">INT - Instituto Nacional de Tecnologia\n<\/p><\/div><\/div>\t\t\t\t<\/div>\n\t\t\t\t<\/div>\n\t\t\t\t\t<\/div>\n\t\t\t\t<\/div>\n\t\t<div class=\"elementor-element elementor-element-613a8b3a e-flex e-con-boxed e-con e-parent\" data-id=\"613a8b3a\" data-element_type=\"container\" data-settings=\"{&quot;background_background&quot;:&quot;classic&quot;}\">\n\t\t\t\t\t<div class=\"e-con-inner\">\n\t\t\t\t<div class=\"elementor-element elementor-element-204fb1e1 elementor-widget__width-initial elementor-widget elementor-widget-heading\" data-id=\"204fb1e1\" data-element_type=\"widget\" data-widget_type=\"heading.default\">\n\t\t\t\t<div class=\"elementor-widget-container\">\n\t\t\t\t\t<h2 class=\"elementor-heading-title elementor-size-default\">Venha explorar nosso ecossistema inovador, compartilhar nossas <br>experi\u00eancias e se conectar.<\/h2>\t\t\t\t<\/div>\n\t\t\t\t<\/div>\n\t\t\t\t<div class=\"elementor-element elementor-element-1c9ad7b1 elementor-align-center elementor-widget elementor-widget-button\" data-id=\"1c9ad7b1\" data-element_type=\"widget\" data-widget_type=\"button.default\">\n\t\t\t\t<div class=\"elementor-widget-container\">\n\t\t\t\t\t\t\t\t\t<div class=\"elementor-button-wrapper\">\n\t\t\t\t\t<a class=\"elementor-button elementor-button-link elementor-size-sm elementor-animation-grow\" href=\"https:\/\/nitrio.org.br\/?page_id=1711\">\n\t\t\t\t\t\t<span class=\"elementor-button-content-wrapper\">\n\t\t\t\t\t\t\t\t\t<span class=\"elementor-button-text\">Contato<\/span>\n\t\t\t\t\t<\/span>\n\t\t\t\t\t<\/a>\n\t\t\t\t<\/div>\n\t\t\t\t\t\t\t\t<\/div>\n\t\t\t\t<\/div>\n\t\t\t\t\t<\/div>\n\t\t\t\t<\/div>\n\t\t\t\t<\/div>\n\t\t","protected":false},"excerpt":{"rendered":"<p>Qu\u00edmica e Aplica\u00e7\u00f5es Farmac\u00eauticas Desenvolvimento de compostos qu\u00edmicos para aplica\u00e7\u00f5es industriais e farmac\u00eauticas A Qu\u00edmica \u00e9 a ci\u00eancia fundamental para o desenvolvimento de novos materiais, produtos e tecnologias em diversos setores, como a ind\u00fastria qu\u00edmica, de energia, de alimentos, de sa\u00fade e de meio ambiente. Empresas que investem em PD&amp;I nessa \u00e1rea podem obter vantagens [&hellip;]<\/p>\n","protected":false},"author":6,"featured_media":0,"parent":0,"menu_order":0,"comment_status":"closed","ping_status":"closed","template":"elementor_header_footer","meta":{"footnotes":""},"class_list":["post-1488","page","type-page","status-publish","hentry"],"_links":{"self":[{"href":"https:\/\/nitrio.org.br\/index.php?rest_route=\/wp\/v2\/pages\/1488","targetHints":{"allow":["GET"]}}],"collection":[{"href":"https:\/\/nitrio.org.br\/index.php?rest_route=\/wp\/v2\/pages"}],"about":[{"href":"https:\/\/nitrio.org.br\/index.php?rest_route=\/wp\/v2\/types\/page"}],"author":[{"embeddable":true,"href":"https:\/\/nitrio.org.br\/index.php?rest_route=\/wp\/v2\/users\/6"}],"replies":[{"embeddable":true,"href":"https:\/\/nitrio.org.br\/index.php?rest_route=%2Fwp%2Fv2%2Fcomments&post=1488"}],"version-history":[{"count":38,"href":"https:\/\/nitrio.org.br\/index.php?rest_route=\/wp\/v2\/pages\/1488\/revisions"}],"predecessor-version":[{"id":3902,"href":"https:\/\/nitrio.org.br\/index.php?rest_route=\/wp\/v2\/pages\/1488\/revisions\/3902"}],"wp:attachment":[{"href":"https:\/\/nitrio.org.br\/index.php?rest_route=%2Fwp%2Fv2%2Fmedia&parent=1488"}],"curies":[{"name":"wp","href":"https:\/\/api.w.org\/{rel}","templated":true}]}}